the remainder when 10 is divided by z.
2
Suppose 0*q - 9 = -3*q. Suppose 2*p - 4*p + 203 = -5*t, -341 = -4*p - q*t. Suppose -p = -2*s + 41. What is the remainder when s is divided by 17?
14
Let x = -223 - -243. What is the remainder when 55 is divided by x?
15
Suppose -4*p - 4*p = 560. Let l = -33 - p. Suppose -l = -2*y - 3*n, 3*y - 30 - 26 = -5*n. Calculate the remainder when 116 is divided by y.
14
Let f(v) = -v**2 - 25*v + 16. Calculate the remainder when f(-8) is divided by 17.
16
Let z(c) = -c**2 - c. Let i be z(-2). Let j = i + 15. What is the remainder when j is divided by ((-90)/60)/((-3)/14)?
6
Let h = 68 - 46. Let l(m) = m**2 + 5*m - 4. Let f be l(-5). Let u(y) = -y + 4. Calculate the remainder when h is divided by u(f).
6
Suppose -3*g - x = -206, 7*x + 280 = 4*g + 3*x. What is the remainder when g is divided by 19?
12
Let h = -94 + 106. Calculate the remainder when 35 is divided by h.
11
Suppose 13*t - 53*t = -800. Suppose -4*y + 5*q + 63 = -155, -3*y - 2*q + 175 = 0. Calculate the remainder when y is divided by t.
17
Suppose 4*z + 221 = 5*v - 62, -2*v + z + 115 = 0. Suppose 73 = 4*g - v. What is the remainder when 63 is divided by g?
30
Let m(l) = -2*l**3 - 3*l**2 + 4*l + 25. Calculate the remainder when 195 is divided by m(-3).
35
Let q = 171 + -168. Let g = 36 - 18. What is the remainder when g is divided by q?
0
Suppose 0 = -9*c + 4*c + 3*v + 6, 5*c - 4*v = 8. Suppose c = 4*p - 0*p - 140. What is the remainder when p is divided by 9?
8
Let s = 32 - 28. Suppose s*v - 4*a + 10 = 94, a = 5*v - 97. Calculate the remainder when v is divided by 7.
5
Suppose a = -3*h - h + 561, -5*a + 267 = 2*h. What is the remainder when h is divided by (-2180)/(-90) + 4/(-18)?
21
Let v(u) = 7*u - 33. Let c(x) = 11*x - 50. Let m(n) = 5*c(n) - 8*v(n). What is the remainder when 27 is divided by m(0)?
13
Let y = 1025 - 1013. What is the remainder when y is divided by 8?
4
Let r = 71 + -38. Let p = -15 + r. Let t = 38 - p. Calculate the remainder when t is divided by 11.
9
Suppose 3 = -2*z + 5*d - 1, z + 5*d = 13. Let v be (-2)/8 + (-287)/(-28). Calculate the remainder when z is divided by 8/(-24) + v/3.
0
Let j(u) = -10*u - 10. Let t = 26 - 33. Suppose -9*i + 12*i - 63 = 0. Calculate the remainder when j(t) is divided by i.
18
Suppose -3 = -4*d + 3*d. Suppose z - 9 = d. Suppose 41 = 5*w - 124. What is the remainder when w is divided by z?
9
Suppose 3*h = -y + 16, -y + 23 = 4*h + 2*y. Suppose -4*l = -6*l + h*i + 97, -158 = -4*l - 2*i. What is the remainder when l is divided by 11?
8
What is the remainder when (117 + -1)/(-9 + 11) is divided by 6?
4
Suppose -51*b - 582 = -57*b. What is the remainder when b is divided by 3?
1
Let g(i) = i**3 + 9*i**2 + 6*i + 3. Let l be 16/(-7) + 4/14. Let n = -10 - l. Calculate the remainder when g(n) is divided by 11.
8
Suppose 20*w - 144 = 14*w. Suppose -q = 5*r - 14 - 1, 2*r = -4*q + w. Let y = 10 - 3. Calculate the remainder when y is divided by r.
1
Let g(s) = s**2 + 25*s + 185. Calculate the remainder when 424 is divided by g(-20).
84
Suppose 5*f - 6*f = -3. What is the remainder when (2 - 224/10)/(f/(-10)) is divided by 36?
32
Suppose -5*w + 1275 = -5*g, w + 4*g - 70 = 160. Calculate the remainder when (-2 - -3)*(w - -3) is divided by 17.
15
Let h = -45 - -49. Suppose 3*w - 66 = -3*j, 3*w - 4 = h*j - 85. What is the remainder when j is divided by 12?
9
Suppose -4*i + 0*n = -4*n - 24, -3*n - 6 = 3*i. Suppose y + i = 37. Calculate the remainder when 103 is divided by y.
33
Suppose -q = -4*u + 8905, q + q - 11128 = -5*u. Calculate the remainder when 9/(-21) + u/49 is divided by 16.
13
Let q(f) = -5*f - 2. Let d(h) = 5*h + 2. Let j(n) = -5*d(n) - 4*q(n). Let v(x) = x**2 - x - 5. Calculate the remainder when j(-4) is divided by v(-3).
4
Suppose -37 = -5*n + o, -2*n + 4*n - 5*o - 1 = 0. Suppose -3*k = -n*k + 2*b + 243, 0 = k + 3*b - 35. Calculate the remainder when k is divided by 25.
22
Let z(d) = 40*d**2 + 7*d + 2. Calculate the remainder when 62 is divided by z(-1).
27
Suppose -2*q = -k - 11, -3*q + 2*k + 3*k + 27 = 0. What is the remainder when q is divided by 3?
1
Calculate the remainder when 115 is divided by 0/((-35)/7) - (-39 - 0).
37
Suppose 4*q - 2*l - 74 = 0, -9*q + 3*l - 15 = -10*q. Calculate the remainder when 89 is divided by q.
17
Suppose 22 = -3*w - 8. What is the remainder when 19 is divided by (-36)/(-5) - w/(-50)?
5
Let t(d) = -d**3 + 10*d**2 + 4*d - 25. Suppose v + 0 = 2*o + 4, -3*v = o - 33. Let p = 0 + 6. Calculate the remainder when t(v) is divided by p.
3
Let v = 1879 + -1737. What is the remainder when v is divided by 68?
6
Let l be (-2)/11 - (-258)/(-33). Let t = l - -19. Suppose 31 + t = j - 4*y, -3*j + 2*y + 86 = 0. Calculate the remainder when j is divided by 7.
5
Suppose -104*n - 1140 = -109*n. Calculate the remainder when n is divided by 82.
64
Suppose -i - 2 + 23 = 0. Let g = 418 + -378. What is the remainder when g is divided by i?
19
Suppose 6*y = 4*y + 106. Suppose -2*l = -3*l + 3*t + 54, 0 = -4*l - 5*t + 284. Suppose y = 7*j - l. Calculate the remainder when 66 is divided by j.
15
Let j be (1/2 + 0)*12. Let p = 49 + j. Calculate the remainder when p is divided by (-71)/(-5) + 86/(-430).
13
Suppose 4*l - 2*l - 50 = 0. Suppose r + 1 = -10. Let m = r + l. What is the remainder when m is divided by 5?
4
Let y = -37 + 60. Let a = -33 + 7. Let h = a - -34. What is the remainder when y is divided by h?
7
Let d = -13 - -26. Suppose -5*x + 1 + 9 = 0. Suppose 2*h = 3 - 1, x*h = u - 2. What is the remainder when d is divided by u?
1
Let m(k) = -k**2 - 16*k + 4. Let a = -12 - 4. Let h be m(a). Suppose 9*q - 25 = h*q. Calculate the remainder when 13 is divided by q.
3
Let g = 4 - 2. Suppose 2*m + 5 = -3*h, 4*m = -g*h + m. Calculate the remainder when 26 is divided by (-2 + 1)/h*42.
12
Suppose -z = 4, 4*c + 3*z - 104 = 76. What is the remainder when c is divided by 31?
17
Let m(f) = f**3 + 30*f**2 + 121*f - 68. Calculate the remainder when 145 is divided by m(-25).
17
Suppose 6*a - 2*a = -24. What is the remainder when 12/((-3)/a + 0) is divided by 13?
11
Suppose 0 = -2*w + 32 + 44. Calculate the remainder when 103 is divided by w.
27
Let m = -460 - -735. Calculate the remainder when m is divided by 64.
19
Let y(g) = -31*g + 1. Let t be y(-3). Let l = t - 80. Calculate the remainder when 54 is divided by l.
12
Let p(w) = -8*w**3 - 13. Let h(d) = -7*d**3 - d**2 - d - 13. Let j(i) = -7*h(i) + 6*p(i). Calculate the remainder when j(-5) is divided by 10.
8
What is the remainder when 602 is divided by 910/273*33/2?
52
Suppose -3*n - 2*o = -62, -3*n + 36*o - 41*o = -65. What is the remainder when 197 is divided by n?
17
Let r(w) = w + 20. What is the remainder when 57 is divided by r(-5)?
12
Suppose 14*a - 3*a = 55. Suppose 10 = -b + 3*b. Let x(j) = 6*j - 7. What is the remainder when x(b) is divided by a?
3
Let l be 3/12 + 86/8. Let o = 7 - l. Calculate the remainder when o/(-12)*(-1 - -76) is divided by 7.
4
Suppose 29 = -0*m + m. Suppose -3*g = 39 + 63. Let x = 45 + g. Calculate the remainder when m is divided by x.
7
Let z(q) = 4*q**2 + 6*q - 4. Let v = 60 - 64. What is the remainder when 68 is divided by z(v)?
32
Let c(f) = -5*f + 4. Let v(m) = -7*m**2 + 15*m - 19. Let b(z) = z**2 + 1. Let s(r) = 6*b(r) + v(r). Calculate the remainder when s(10) is divided by c(-3).
18
Suppose -1583 + 253 = -70*j. Calculate the remainder when 169 is divided by j.
17
Let u(v) = -2*v**3 + 15*v**2 + 53*v - 27. Let q be (-6)/8 + 3/(-12). What is the remainder when 7/1 - q/(-1) is divided by u(10)?
0
Let o(a) = -11*a**3 - 4*a**2 - 14*a - 22. Let v(p) = -p**2 - 6*p - 1. Let y be v(-5). What is the remainder when o(-2) is divided by ((-10)/y)/(1/(-8))?
18
Let v = 474 - 469. Calculate the remainder when 45 is divided by v.
0
Suppose 11 = -3*v + 62. Let g = 34 - v. Let w = -45 - -110. Calculate the remainder when w is divided by g.
14
Calculate the remainder when 55 is divided by 100/24 + (-1)/6.
3
Let d = 18 + -12. Suppose d*z = -2*z. Let t = z - -19. What is the remainder when 74 is divided by t?
17
Calculate the remainder when 1/(-6) + (-65385)/(-270) is divided by 13.
8
Let v = 9 + 105. Let c(p) = p**2 - 2*p - 9. What is the remainder when v is divided by c(-6)?
36
Suppose -2*x + 5 = -x. Suppose x*m + 2*y - 232 = y, 